Suppose m = 5*w - 2*w - 7, 0 = j*w - 12. Calculate the highest common divisor of m and 4.
2
Let u(f) = -f**3 - 12*f**2 + 13*f + 135. Let g be u(-17). What is the highest common divisor of 9 and g?
9
Suppose 0 = -0*p - 2*p + 310. Let u be 3*63/(-27) - -38. Calculate the greatest common divisor of u and p.
31
Let h = -976 + 1011. Let r = 18 + -11. What is the greatest common factor of h and r?
7
Suppose 15 = 2*t + 3. Suppose t*n = n - 335. Let f = n - -147. What is the greatest common factor of f and 20?
20
Suppose 5*y - 5*w = 25, -5*w = -w + 4. Suppose 119 = y*f + o - 13, 5*f + 5*o - 180 = 0. Let k = -11 + f. What is the highest common factor of 63 and k?
21
Let s be (25/(-5) - -308) + -6. What is the highest common factor of s and 54?
27
Suppose 0 = -236*j + 243*j - 266. What is the greatest common factor of 912 and j?
38
Suppose -3*i = 0, -z + 4*i = -2*z - 12. Let q be 3/((-8)/(1760/z)). What is the highest common divisor of q and 22?
11
Let f(s) be the third derivative of -29*s**4/12 + s**3/3 + s**2. Let p be f(-1). What is the highest common factor of p and 12?
12
Suppose 1195*a - 1189*a = 126. Calculate the highest common factor of 1281 and a.
21
Suppose -3*f + 3 = -0. Let n = 25 + -54. Let i = -26 - n. What is the greatest common divisor of i and f?
1
Suppose 0 = 4*l - 0*l - 12. Suppose -l*q - 34 = -2*q. Let o be (-268)/q - 10/(-85). Calculate the greatest common divisor of o and 8.
8
Let b be 0 + 1 - (-270)/15. Let s = 5 + 3. Suppose 11 + s = v. What is the greatest common divisor of b and v?
19
Let b(g) = -g**3 + 6*g**2 - 4*g + 1. Let s be ((-6)/(-4))/3 - 9/(-2). Let c be b(s). Calculate the greatest common factor of 9 and c.
3
Let z(d) = 2*d**2 + 3*d - 5. Let h be z(2). Let i be h + 0 + 1 + -3. What is the greatest common factor of 21 and i?
7
Let w be (-5)/3*(11 + -8). Let i be 1 + (3 + w)*-33. Let o = -38 + i. What is the greatest common divisor of o and 87?
29
Let x be ((-3)/2)/((-3)/8). Let q = 1 + x. Suppose 0 = -l + q - 3. What is the greatest common factor of l and 10?
2
Suppose 5*z = 17*z - 144. What is the greatest common divisor of z and 33?
3
Let g be -708*24/(-18) + (-2)/(-2). Calculate the greatest common divisor of 30 and g.
15
Let p = -78 + 114. Suppose 2*m + p = 64. Let h(t) = 15*t**2 - 2*t. Let l be h(2). Calculate the greatest common factor of l and m.
14
Let g be (-567)/18*(-4)/6. Suppose g = u - 21. Suppose -3*t + 24 = -u. Calculate the highest common factor of t and 242.
22
Suppose 391 = p + 2*p - 5*c, -4*p + 4*c + 524 = 0. Let i be 414/(-115)*5/(-3). Let q be (-4)/i*(-18 - 0). What is the highest common factor of q and p?
12
Let h = 23 + -12. Let k(o) = -o**2 + 14*o - 19. Let p be k(h). Calculate the highest common divisor of p and 56.
14
Suppose 4*s - 5*k - 85 = -2*k, 63 = 3*s - 2*k. Suppose -3*u = -3*c - 159, -3*u - 3*c - 109 + 292 = 0. What is the greatest common factor of s and u?
19
Suppose -244 = -4*f + 5*v, -f - 2*f = 2*v - 206. Calculate the highest common divisor of 66 and f.
66
Let y = -138 - -142. What is the highest common divisor of 92 and y?
4
Suppose 5*m - 33 = 52. Let v = -1048 - -1150. What is the highest common factor of v and m?
17
Let i be (-3)/(((-9)/(-6))/((-5)/2)). Suppose y + i*y = 60. What is the highest common factor of 25 and y?
5
Let o = 9 + -3. Suppose 4*z - z + 4*u - 30 = 0, -2*u + o = 0. Suppose -5 - z = -x. Calculate the greatest common factor of 99 and x.
11
Let v be (-385)/11*6/(-15). What is the highest common factor of v and 10?
2
Suppose -2*g + g + 14 = 0. Suppose -4*k - 1172 = -4*m, 10 = 2*m - 0*m. Let j = 442 + k. Calculate the highest common divisor of j and g.
14
Let f(c) = c**3 - 5*c**2 + 6*c - 2. Let z be f(4). Suppose -72 = z*p - 0*p. Let k be (-3 - 28/p)*-48. Calculate the greatest common factor of k and 8.
8
Suppose 84 = -v + 7*v. What is the highest common factor of v and 98?
14
Suppose -13*q + 97 = -72. What is the highest common divisor of 442 and q?
13
Suppose -278 = -f + 5*y, 2*y + y - 608 = -2*f. Let x = -136 + f. Calculate the highest common factor of x and 18.
18
Let h = -16 + 27. Suppose -j = -9 + 11. Let f(r) = -20*r + 4. Let m be f(j). What is the greatest common factor of h and m?
11
Let h = -98 + 236. Calculate the greatest common factor of h and 12.
6
Let m(z) = z**3 + 9*z**2 - 9*z + 14. Let p be m(-8). Suppose 2*u + p = 5*r, 8*r = 3*r + 4*u + 150. What is the greatest common divisor of 20 and r?
10
Suppose 0 = 3*q + 4*d - 673 - 163, -2*d = 5*q - 1370. Calculate the highest common factor of 34 and q.
34
Suppose -2*i = i. Let u be (5 + i)/(1/5). Suppose -2*p = 3*p - 3*m - 38, 0 = 2*p + 5*m - 40. What is the greatest common factor of u and p?
5
Suppose -2*r = 3*r - 85. Suppose -4*f + 0*h + 3*h + 2025 = 0, -5*f = -5*h - 2525. Suppose 10*i - f = 5*i. What is the greatest common factor of i and r?
17
Let c = -6 - -761. Calculate the highest common factor of c and 10.
5
Let p = 324 + 79. Calculate the greatest common factor of p and 31.
31
Let m(r) = r**2 + 11*r + 16. Let l be m(-10). Suppose p - 4*g - 4 = l, -35 = -5*p + 5*g. What is the greatest common divisor of p and 15?
3
Let b be ((-6)/2 - 0) + (-4565)/(-83). Calculate the greatest common factor of 468 and b.
52
Let z = -235 + 240. Suppose -21 + 36 = 3*f. What is the highest common factor of z and f?
5
Suppose -11*j - 5*v = -12*j + 4, -2*j - 2*v = -68. Calculate the highest common factor of j and 29.
29
Let y = -1573 - -2203. What is the highest common divisor of y and 140?
70
Suppose 3*u = 8*u. Let r be (0 + (1 - u))*13. Calculate the highest common factor of r and 26.
13
Let h(x) = -59*x - 165. Let c be h(-3). Suppose -5*m + 31 = j + 2*j, -3*m + 4*j + 36 = 0. Calculate the highest common factor of m and c.
4
Suppose -11*l + 6*l + 7955 = 0. Calculate the greatest common divisor of l and 43.
43
Let w(v) = v**3 + 18*v**2 + 40*v + 33. Let j be w(-15). Calculate the highest common factor of 72 and j.
36
Let s be 10/5 - 1*-3. Suppose 0*w - w = -3*l - 20, -w + 30 = -s*l. Suppose 34 = g - r - 3*r, w*r = -5*g + 45. Calculate the greatest common factor of g and 42.
14
Suppose -2*k - 4 = -290. Let g = k + -80. Let w be (112/(-6))/((-14)/g). What is the greatest common divisor of w and 12?
12
Suppose 2*g = 3*y + y + 40, -4*g + y + 52 = 0. Suppose -183 = -2*q - x, -x = 3*x - g. Let t be 92/9 - 14/63. Calculate the highest common divisor of q and t.
10
Suppose k + 12 = -2*q + 22, 0 = k + 5*q - 1. What is the greatest common divisor of 1264 and k?
16
Let s be 12/(-16)*24/(-9). Calculate the highest common factor of 22 and s.
2
Let f be (11 - -1)*(-104)/(-16). What is the highest common factor of 26 and f?
26
Suppose -2*p + 0 = -b - 2, p - 5*b - 10 = 0. Suppose 5*t = -4*d + 34, p*t - 2 = t. What is the highest common divisor of d and 77?
11
Suppose -12 - 14 = -2*z - 3*d, -3*z - 3*d + 45 = 0. Calculate the greatest common factor of 3 and z.
1
Suppose -17*r + 91 = -10*r. Calculate the highest common divisor of r and 91.
13
Suppose 0 = 2*m + t - 6 - 8, -5*m - 3*t = -35. Suppose 59 = -m*d + 1907. What is the highest common divisor of d and 33?
33
Suppose 32 + 0 = 4*s. Suppose h + h = -s. Let o be -1 + (-1 - h) - -13. Calculate the greatest common divisor of o and 75.
15
Let b = 18 + -17. Let i be -6*((-2)/(-4) - b). Let p = -38 + 40. What is the highest common factor of p and i?
1
Let j be -4*(-15)/20 + 2. Suppose -l - 3*w + 35 = 0, 200 = 4*l + 3*w - 6*w. Suppose -187 = -4*p - l. Calculate the highest common divisor of p and j.
5
Suppose 324 + 246 = 5*i. Calculate the greatest common divisor of 6 and i.
6
Let t be 12/6 + 14*16 + -2. Calculate the greatest common divisor of 28 and t.
28
Let l = -287 - -294. Calculate the greatest common divisor of l and 3.
1
Let x be ((-1090)/(-7) + (-26)/(-91))/1. What is the highest common divisor of x and 65?
13
Let z = 40 + -20. What is the greatest common divisor of 100 and z?
20
Let w be (1149/15)/1 - 9/15. What is the highest common factor of w and 57?
19
Let n(q) = 21*q**2 - 3*q + 2*q + 1 + 4*q - q. Let y be n(-1). What is the highest common factor of 8 and y?
4
Let q = -8 - 2. Let z be 6/10 + -2*797/q. What is the highest common factor of 20 and z?
20
Let s(d) = 34*d + 216. Let k be s(-6). Calculate the greatest common divisor of 15 and k.
3
Suppose 0 = -2*z + 2*u + 34, 4*z - 